3. Is i(18) composite?
True
Suppose 90 = 4*s - s. Let j be (s/(-4))/(7/70). Let l = j + 260. Is l composite?
True
Let a(v) = 3 + 3 + 46*v - 1 - 742*v. Is a(-1) composite?
False
Let z be (-1)/2 + 153/18. Suppose -83 + 27 = -z*h. Suppose -h*i = -9*i + 118. Is i composite?
False
Let l(h) = h**2 + 2*h + 3. Let f be l(0). Suppose -f*z = -a - 6923, -4*z + 3340 = -5*a - 5876. Is z a composite number?
False
Suppose -15*c = -11*c - 16. Let s be 1/c + 98540/16. Suppose -2*p = p - s. Is p a prime number?
True
Let s(m) = -m**2 - 14*m + 46. Let u be s(-15). Suppose -8*a + 1 + u = 0. Suppose a*t - 1865 = -t. Is t a prime number?
True
Let q = 7743 + -743. Suppose 13*j = -7*j - 33*j + 377095. Suppose 1520 = -4*l + t + j, -q = -5*l - 5*t. Is l composite?
False
Let t = 52995 - 30622. Is t prime?
False
Let u = 908470 + -607173. Is u a prime number?
False
Let i(x) = 4*x**3 - 2*x**2 + 16*x + 10. Let m be i(7). Let n = m - 977. Is n a composite number?
False
Let h = 699545 + -355548. Is h composite?
False
Is ((-138414)/(-21) - -4) + 13/(-97 + 6) prime?
False
Let v = 154 - 41. Let f = v + -111. Suppose -z = -f*b + 669, -5*b - 4*z = z - 1710. Is b composite?
False
Let o = 81 + -99. Let p be (-8)/(3*(-3)/o). Is (782/(-4))/(2*4/p) a prime number?
False
Let j = -614 + 626. Is (61950/j - 10) + (-1)/(-2) prime?
True
Let r be (-6194 - 1)*-3 - -4. Let z = r + -6873. Suppose 0 = 4*m - 3*m - 5*a - 2913, 4*m - 4*a = z. Is m prime?
False
Suppose 4*n - 24 = 5*s, 16*n - 44 = 4*s + 19*n. Let u(b) = 34*b**2 + 10*b - 1. Is u(s) a composite number?
True
Let j(x) = 7*x**2 - 3*x - 9. Let h be j(0). Let p(r) = 60*r**2 + 50*r + 7. Is p(h) composite?
True
Let y(q) = 15*q**2 - 40*q - 20. Suppose 0 = -2*c + 224 - 190. Is y(c) composite?
True
Let n(h) = 13*h**2 + 12*h - 5. Let x(m) = -m**2 - 6*m - 7. Let b be x(-5). Let y be (b + -2)*3/2. Is n(y) composite?
True
Suppose -18*h - 23 - 13 = 0. Is (90*(-265)/40 + h)*-4 prime?
True
Is (-1)/(-2)*-8161*406/(-10 + 3) composite?
True
Let j be 5 - (-5)/((-35)/(-63)). Is ((-6)/(-21))/(j/7693) a composite number?
False
Suppose 0 = 7*q - 11 - 10. Suppose 5*x - 6090 = -5*f, -5*x = q*f - 7*f - 6090. Suppose -2*y = -x + 160. Is y composite?
True
Let c = -1711 + 2722. Suppose -4*u = -2113 - c. Suppose 9*f - u = 4286. Is f prime?
True
Suppose 1673 = -22*j + 29*j. Suppose -227*g = -j*g + 73428. Is g composite?
True
Let t be 1 + -1 + 4 + 2 - 6. Suppose t = -42*d - 14*d + 13272. Is d prime?
False
Let s = 951958 - 496277. Is s a composite number?
False
Suppose 15627882 = 22*f - 3885832. Is f a composite number?
False
Suppose 2*d + 1256462 = 5*d - 4*r, 2*d + 5*r - 837649 = 0. Suppose 9*h + 105901 = d. Is h a composite number?
True
Let q be -1 - (2 + (-4 - -6)). Let s be (-8996)/(-8) - q/2. Suppose 3*y + 2*g - s = 0, 0*y + 758 = 2*y - 2*g. Is y composite?
True
Suppose 4*p = 3*p + 1. Let r be (2*p/2)/(17/119). Suppose 530 = 9*f - r*f. Is f prime?
False
Suppose -2*b + 0 = -o + 9, -3*o + 31 = -4*b. Suppose -o*a = -3805 - 901. Is a a composite number?
True
Suppose 74909581 = 259*b + 20079799 - 65105089. Is b prime?
False
Let f(j) = -626*j - 303. Let a be f(44). Is (47 + -53)*a/6 composite?
False
Is 0 + 0 - (2 - 3)/((-3)/(-87729)) a prime number?
True
Let r = -48 - 3181. Let i = r - -10728. Is i composite?
False
Let a be 3/(-9)*-3*(9 + -9). Let k(j) = -j**3 - 2*j**2 + 5*j + 967. Is k(a) prime?
True
Suppose 11*r - 33985 = 19937. Let l = r + -1513. Is l a prime number?
True
Let u(a) = 3*a**3 + 84*a**2 + 15*a + 125. Let o(b) = 2*b**3 + 56*b**2 + 10*b + 84. Let x(l) = -7*o(l) + 5*u(l). Is x(-27) a composite number?
False
Let t(b) = 3496*b - 139. Let y be t(6). Suppose l - 2*u = 10411, 0 = -2*l + u - 0*u + y. Is l a prime number?
False
Let n be 24/96 - 3/((-24)/2830). Let i = n - 180. Let c = i + -47. Is c a composite number?
False
Let d be 87615/9 + 1/1 + 4. Suppose d = 5*t + 5*p, -14*t - p = -17*t + 5856. Is t a composite number?
False
Let z = 107 - 67. Let l(y) = -8*y + 9*y + 2*y + z*y + 12. Is l(3) prime?
False
Let f(o) = -191*o + 12. Let l(q) be the third derivative of -4*q**4 + q**3 + 10*q**2. Let y(h) = 2*f(h) - 5*l(h). Is y(14) prime?
False
Suppose 3159609 = 84*i - 1752459. Is i a prime number?
True
Let r = -546 - -1284. Let t = 937 - r. Is t a composite number?
False
Suppose -17*v + 8 = -15*v. Suppose v*o + 12067 = 15*o. Is o a composite number?
False
Suppose 197 = 4*s + 49. Suppose -8*r = -s*r + 269381. Is r a prime number?
False
Is 847996/6 - (-400)/300 prime?
False
Let g = 3324 + -1544. Suppose 5367 - g = 17*i. Is i composite?
False
Let b = 505 - 510. Is 127818/42 + 4*b/70 composite?
True
Let b(w) = -66*w**3 + 16*w**2 + 11*w - 42. Let t be b(-12). Suppose -295885 = -17*c + t. Is c prime?
True
Suppose 4*l = -2*k + 2404, 0*l = 2*k + 3*l - 2406. Suppose -5*o + 9659 = -k. Is o composite?
True
Suppose 0 = 5*x - q - 152967, -385*x + 388*x - 91771 = -4*q. Is x prime?
True
Let b(s) = -770*s + 101. Let j be b(4). Let z = j - -4702. Is z composite?
False
Let z = 1121 + 24622. Is z prime?
False
Let n = 2279 - -764. Is n a composite number?
True
Let i = -3 + -4. Let c(o) = 6 - 11*o - 59*o + 7. Is c(i) prime?
True
Let r be (7/(-28))/((-2)/16). Suppose 0*a - 2*a - 6 = -w, r*a + 6 = 5*w. Suppose -2*l + 3*l + 2*o - 1657 = w, -4*l + 6600 = o. Is l a composite number?
True
Is ((-8279352)/(-504))/(3/21) composite?
True
Let h(c) = 12*c**2 - 194*c + 229. Is h(55) prime?
False
Suppose -7*c + 3*c = 0. Let k be 3 + c + -4 - -4. Suppose -310 - 125 = -k*a. Is a a composite number?
True
Let j = 6 - 2. Suppose x = -j*x + 8645. Is 4*x/(-14)*(-1)/2 prime?
False
Suppose -7*s = -2*s - 30. Suppose -s*x = -2*x - 244. Suppose q - 390 + x = 0. Is q a composite number?
True
Suppose 60*h + 7610016 = 50298737 + 40210339. Is h a composite number?
True
Let c be 38450/30 - 8/(-6). Let w = -160 + c. Is w prime?
True
Is (-2)/4 + 21 + 2852894/44 a prime number?
False
Is 90723971/2718 - 2/(-36) a composite number?
True
Let p = 798519 - 496120. Is p composite?
False
Suppose 5*u - l = 717771, -6*u = -2*u + l - 574224. Is u a prime number?
False
Let n(a) = 13*a - 34. Let z be n(5). Let u = z + -30. Is -106*(-2)/(4/(3 - u)) a composite number?
True
Let i = 519798 - 276869. Is i a prime number?
False
Let m(q) = -21 - 2 + 3307*q + 17. Is m(7) composite?
False
Is (-14*(-8)/56)/((16/40478)/4) a prime number?
False
Suppose 0 = -19*y + 498816 + 5482175. Is y a prime number?
False
Let x = -9186 - -20070. Suppose -3*a - x = -6*a. Suppose -3*g + 5*o = -a, g + 2*g = -o + 3634. Is g a composite number?
True
Let u = 283 + -283. Suppose 6*f - 31218 - 8136 = u. Is f composite?
True
Suppose 75 = 5*u - 0*u. Suppose -16*q = -u*q. Suppose q = v - 154 + 31. Is v a composite number?
True
Let p(x) = -x - 1. Let h(o) = -9*o - 4. Let v(j) = -h(j) + p(j). Let u be v(4). Is 58982/u + 2/(-10) composite?
True
Let h(a) = -116315*a + 7078. Is h(-3) composite?
False
Let a(k) = -6*k - 20. Let o be a(-4). Suppose 2*m + 3 = 3*m, -4*v + 6824 = -o*m. Is v composite?
False
Suppose 0*p + 16 = p. Let t be (-1)/(4 + -1 + (-50)/p). Is 79 - 2/t*0 a prime number?
True
Let l(x) = x**2 + 7. Let y be l(0). Suppose -3*c = -y*c + 5*o + 9302, -5*c + 3*o + 11634 = 0. Suppose p + c = 3*p - 3*k, 0 = -5*k + 10. Is p prime?
False
Let c = 12167 - -248552. Is c a composite number?
True
Suppose 1295759 = 1015*u - 1012*u + 4*l, 5*l - 1727676 = -4*u. Is u a composite number?
True
Let u(l) = 182736*l**2 + 14*l - 3. Is u(1) a composite number?
False
Let n be 560 - (-1 + (-7 - -3)). Let p(i) = 44*i + 3. Let l be p(4). Suppose 0*q - d + n = 3*q, -q + 2*d = -l. Is q a composite number?
True
Let d(g) = g**3 - g**2 + 2*g - 1136. Let b = 95 - 95. Let u be d(b). Let n = -637 - u. Is n a composite number?
False
Suppose -2*n = -2*b - 759756, 0*n + 3*b + 379868 = n. Is n prime?
False
Suppose -10*i + 41*i - 559271 = 0. Is i a prime number?
True
Let q be (-7 + -311404)*(-3 - -28). Is q/(-225) + 0 + (-6)/27 prime?
False
Let x(z) be the third derivative of -z**5/60 + 5*z**4/3 + 55*z**3/6 + 2*z**2 + 4. Is x(30) composite?
True
Let d be 6 + (24/3)/(-2). Suppose -x = -3*x - d*x. Is (-780)/(-3) + (3/(-3) - x) a composite number?
True
Let l(d) = -d**3 + 93*d**2 + 54*d - 23. Is l(45) a composite number?
False
Suppose 36*u = 41*u - 5*k - 75375, -u + 15067 = 3*k. Is u a prime number?
Tru